- -21. What is the remainder when 35 is divided by q?
11
Suppose -6*y - 2 = -3*y - o, 4*o = -2*y + 8. Suppose w + 5*z - 20 = y, w + z - 74 = -2*w. Calculate the remainder when w is divided by ((-1)/3)/((-5)/135).
7
Suppose -7*p + 2*p = -100. Let v = -14 + p. What is the remainder when 15 is divided by v?
3
Let t = 0 - -4. Let m(g) = g**2 - g + 5. What is the remainder when m(0) is divided by t?
1
Let q be -1*1 - (-20)/4. Suppose -q*d = -5*t - 105, -4*t - 183 + 45 = -5*d. Calculate the remainder when d is divided by 11.
8
Let t be (2 + 4)/((-6)/20). What is the remainder when 20/(t/8 + 3) is divided by 21?
19
Suppose 18 + 27 = 5*x. Let h = 6 - 3. Calculate the remainder when x is divided by h.
0
Let w(i) = -i**3 - 3*i**2 - 4*i - 82. Let b(g) = g**3 + 2*g**2 + 3*g + 83. Let k(v) = 3*b(v) + 2*w(v). Calculate the remainder when k(0) is divided by 22.
19
Suppose 3*r + 5*q = 9, -r + 4*q + 2 = -1. Suppose -r*l + s = -43, -4*l + 2*s + 71 = l. Calculate the remainder when 27 is divided by l.
12
What is the remainder when (-7)/14*(-27 + 12/4) is divided by 9?
3
Suppose 12 - 47 = -5*q. Suppose -c + 5*k = -26, -3*k + 81 = q*c - 3*c. What is the remainder when c is divided by 6?
3
Suppose j - 7 = 2*j + 5*m, 2*j - 11 = -5*m. What is the remainder when j is divided by 10?
8
Let l(r) = -r. Let o be l(-3). Suppose h + 6 = o*h. Suppose h*j - 170 = -2*j. Calculate the remainder when j is divided by 12.
10
Suppose 0 = p - 0 - 2. Let b = -23 - -25. Calculate the remainder when p is divided by b.
0
Let h = 25 + -10. Calculate the remainder when 27 is divided by h.
12
Let u(r) be the third derivative of r**5/30 + r**4/8 + r**3/2 - 6*r**2. Calculate the remainder when 46 is divided by u(-3).
10
Let r(v) = v**3 - 3*v**2 + 2*v + 1. Let k be r(4). Let d = -15 + k. Suppose -6 - d = -2*o. What is the remainder when 23 is divided by o?
7
Let h(m) = -m + 3. Let y be h(0). Let j(g) = -g**2 - 10*g + 1. Calculate the remainder when (y + -4)/(1/(-19)) is divided by j(-9).
9
Let w(s) = -s + 1. Let z be w(-4). Suppose 0*k + z*j = -2*k + 38, -5*k + j = -41. Let y = 17 + 0. What is the remainder when y is divided by k?
8
Let x be (2 - 5) + -1 + 1. Let f = 20 + x. What is the remainder when 67 is divided by f?
16
Suppose h - 22 = -5*o, -4*o - 74 = -2*h + o. What is the remainder when h is divided by 17?
15
Suppose -3*i + 2*j + 10 = 0, -i + 3*i + 6 = -5*j. Let c(x) = 11*x**2 + 4*x - 5. What is the remainder when c(i) is divided by 16?
15
Suppose -r = -3*q, 3 + 3 = 3*q + r. Let j(n) = 45*n - 1. Calculate the remainder when j(q) is divided by 15.
14
Let a(y) = 4*y**2 + 7*y + 3 - 3 + 4 + 7*y - y**3. What is the remainder when 29 is divided by a(6)?
13
Let z(n) = n**2 - 9*n + 2. Let p be z(10). Calculate the remainder when 21 is divided by p/(-8)*16/(-3).
5
Let u = 118 - 73. What is the remainder when u is divided by -1 + (-512)/(-20) - 6/10?
21
What is the remainder when (-2)/((-4)/(-2)) + (-312)/(-8) is divided by 18?
2
Let j(z) = -23*z**3 - 1. Calculate the remainder when j(-1) is divided by 12.
10
Suppose -3*j = -6*j + 21. Calculate the remainder when 16 is divided by j.
2
Let s(v) = -v**3 + 4*v**2 - v + 2. Let x be s(2). Let n(p) = 5*p + 6. Calculate the remainder when n(x) is divided by 16.
14
Suppose -3*p - 4*i = -5, -i + 0*i = 2*p. What is the remainder when ((-4)/(-8))/(p/(-18)) is divided by 6?
3
Suppose 0 = -s - 4*t + 243, 3*s + t - 729 = 6*t. Suppose 4*x = 5*m - 467, 0 = 2*m + 5*x - s + 76. Calculate the remainder when m is divided by 23.
22
Suppose 3*d + 3*i - 138 = 0, -56 = -4*d + 5*i + 173. Calculate the remainder when d is divided by 18.
15
Let k be (-5 + 0)/(2 + -3). Suppose 52 = k*y + 7. Calculate the remainder when y is divided by 5.
4
Let y be (0/(-1))/(4/(-2)). Suppose 22 = -y*f + f + 2*t, 66 = 5*f - t. Let b(r) = -7*r + 5. Calculate the remainder when b(-5) is divided by f.
12
Suppose -4*l = -9*l. Suppose -x = -5*x. Suppose x = -l*w - 2*w + 26. Calculate the remainder when 25 is divided by w.
12
Let h(r) = r**2 - 5*r - 6. Let u be h(5). Calculate the remainder when 47 is divided by (0 - u)/((-3)/(-8)).
15
Let q(x) = -x**2 - 10*x + 6*x - 2*x**2 - 8 + 4*x**2. Calculate the remainder when 10 is divided by q(6).
2
Suppose 4 = 4*x - 2*x. Suppose 2 = c - x*c. Calculate the remainder when 1*2 - (1 + c) is divided by 2.
1
Let h(p) be the third derivative of -p**4/2 - p**3 + p**2. What is the remainder when h(-3) is divided by 16?
14
Suppose -5*u + 110 = 40. What is the remainder when u is divided by 5?
4
What is the remainder when (-1)/((-2)/28) + 0 is divided by 8?
6
Let t be (-2)/8 - (-121)/4. Let l = t - 16. Suppose 6*s = 10*s - 100. Calculate the remainder when s is divided by l.
11
Calculate the remainder when 8 is divided by 14/(-4) - -4 - (-11)/2.
2
Suppose -5*s + 3 = 3*d - 4, -3*s - d + 5 = 0. Suppose -s*w = 3*q - 6*q + 1143, 4*q + 5*w = 1524. What is the remainder when 1/4 - q/(-12) is divided by 11?
10
Let c = 184 - 118. Calculate the remainder when c is divided by 23.
20
Let p(u) = 4*u + 9. What is the remainder when 224 is divided by p(4)?
24
Let o(h) = h**3 - 19*h**2 + 34*h + 19. Suppose 2*a - 2 = -4*j, -3*a + 2*j + 0*j = -43. Calculate the remainder when o(17) is divided by a.
8
Let k(i) = -i**3 + 6*i**2 + i - 7. Let r be k(6). Let l(f) = 2*f**2 - 2*f - 1. Suppose 0 = 3*j - 2 - 22. What is the remainder when j is divided by l(r)?
2
Let y(z) = 3*z + 13*z - 22*z**2 - 4 + z**3 + 10*z**2. Calculate the remainder when y(11) is divided by 13.
12
Suppose 0 = -2*v - 4 + 108. Let t = 122 - v. Suppose 4*g - 42 = -b + 58, 2*b = 8. Calculate the remainder when t is divided by g.
22
Suppose -2 = -3*a + n, 5*a - 1 = 2*a + 2*n. Suppose 3*t = 5*d + 93, 4*t = -2*d - 31 - a. Let s = 34 + d. Calculate the remainder when 46 is divided by s.
14
Suppose -2*x = -5*x + 4*d + 35, 5*d + 15 = -2*x. Suppose x*i = -3*m + 292, 5 + 15 = 5*m. Calculate the remainder when i is divided by 19.
18
Let p = -154 + 43. Let t = -54 + 79. What is the remainder when (-6)/45*p*5 is divided by t?
24
Calculate the remainder when (-282)/(-4)*((-154)/21)/(-11) is divided by 12.
11
Suppose 5*t - 4*k = 2*t + 17, 4*t - 10 = -k. Calculate the remainder when (3/(-9))/(t/(-783)) is divided by 30.
27
Let o(i) = -i**3 - i**2 - i. Let c be o(0). Let k be -2 - -7*(c + 7). Suppose 4*h - k = -7. What is the remainder when h is divided by 3?
1
Suppose 3*o - 4*k - 14 = 0, 11*k = 15*k - 16. Calculate the remainder when 118 is divided by o.
8
Let i(u) = -6*u + 51. What is the remainder when i(0) is divided by 20?
11
Suppose 5*u - 5*p = -90, -67 = 4*u - 0*p + p. Let j = u - -28. Suppose 3*o - 2*h = -5*h + 72, 0 = -2*h + 8. What is the remainder when o is divided by j?
9
Let v = 15 + -9. Suppose n - 48 = -3*s, 0 = -2*s - 2*s - 4*n + 72. What is the remainder when s is divided by v?
3
Suppose 2*i + 3*x - 90 = 0, -5*i + 163 = 4*x - 48. What is the remainder when i is divided by 10?
9
Let t = 34 - 22. What is the remainder when t is divided by 3?
0
Let x(i) = i**2 - i - 3. Calculate the remainder when 3 is divided by x(3).
0
Let v(q) = q**2 + 4*q - 3. Let m be v(-5). Suppose -5*p - n + 68 = 0, -4*p + 27 = n - 28. What is the remainder when (-1*10)/(m/(-5)) is divided by p?
12
Calculate the remainder when ((-256)/(-40))/(4/10) is divided by 12.
4
Let i(c) = c**3 - 4*c**2 - 8*c - 17. What is the remainder when i(7) is divided by 19?
17
Suppose -5*j + 319 = 9. What is the remainder when j is divided by 9?
8
Suppose 4*k + 0 = 8. Calculate the remainder when 1 + k*(-7)/(-1) is divided by 9.
6
Let r be 10/4*40/25. Suppose 0 = -4*q + 5*q + r*w + 5, 3*q = -4*w - 15. Let v(y) = y**3 + 6*y**2 + 2*y - 6. What is the remainder when 17 is divided by v(q)?
8
Let h = 231 + -223. What is the remainder when ((-11)/(-2))/((-1)/(-4)) is divided by h?
6
Let y(m) = -71*m**3 + m + 1. Let c be y(-1). Suppose -c - 34 = -5*k. Let o = 32 - k. Calculate the remainder when 21 is divided by o.
10
Let w = 46 - 33. Let v(p) = -p**3 - 7*p**2 + p + 5. Let y be v(-7). Calculate the remainder when 37/(3/(5 + y)) is divided by w.
11
Suppose 2*m = y + 30, -5*m + m = -4*y - 60. What is the remainder when m is divided by 6?
3
Suppose 0*v - 2*v = n + 2, -5*n - 2*v + 6 = 0. Let b = 1 + n. What is the remainder when 9 is divided by b?
0
What is the remainder when